5?
7
What is the millions digit of 1666245?
1
What is the units digit of 541763?
3
What is the millions digit of 11353928?
1
What is the ten thousands digit of 381716?
8
What is the tens digit of 6287493?
9
What is the tens digit of 699509?
0
What is the tens digit of 200774?
7
What is the ten thousands digit of 498947?
9
What is the thousands digit of 373392?
3
What is the units digit of 675206?
6
What is the thousands digit of 613749?
3
What is the hundred thousands digit of 469214?
4
What is the hundreds digit of 4301869?
8
What is the thousands digit of 37842?
7
What is the tens digit of 1181665?
6
What is the thousands digit of 13572?
3
What is the millions digit of 1201481?
1
What is the thousands digit of 5337550?
7
What is the ten thousands digit of 78568?
7
What is the millions digit of 3394194?
3
What is the hundreds digit of 266414?
4
What is the hundred thousands digit of 1063743?
0
What is the units digit of 18236442?
2
What is the hundred thousands digit of 2426174?
4
What is the hundreds digit of 590391?
3
What is the millions digit of 1955507?
1
What is the hundred thousands digit of 22811910?
8
What is the hundreds digit of 908921?
9
What is the tens digit of 203000?
0
What is the units digit of 268275?
5
What is the ten thousands digit of 511859?
1
What is the thousands digit of 315407?
5
What is the millions digit of 6585773?
6
What is the units digit of 10900097?
7
What is the millions digit of 2067970?
2
What is the units digit of 3175722?
2
What is the thousands digit of 889195?
9
What is the thousands digit of 3241081?
1
What is the hundred thousands digit of 14527520?
5
What is the thousands digit of 191777?
1
What is the hundreds digit of 242259?
2
What is the tens digit of 2453918?
1
What is the thousands digit of 359845?
9
What is the hundred thousands digit of 175374?
1
What is the units digit of 113103?
3
What is the ten thousands digit of 3232941?
3
What is the millions digit of 17480578?
7
What is the thousands digit of 946299?
6
What is the ten thousands digit of 7055067?
5
What is the units digit of 538016?
6
What is the hundred thousands digit of 1960128?
9
What is the hundreds digit of 7849662?
6
What is the ten millions digit of 13829567?
1
What is the hundreds digit of 1037340?
3
What is the units digit of 83036?
6
What is the ten thousands digit of 5079938?
7
What is the hundred thousands digit of 653700?
6
What is the hundreds digit of 3522692?
6
What is the hundred thousands digit of 27073744?
0
What is the ten thousands digit of 192515?
9
What is the hundreds digit of 34747?
7
What is the hundred thousands digit of 6178333?
1
What is the thousands digit of 2857053?
7
What is the hundreds digit of 124608?
6
What is the thousands digit of 9175769?
5
What is the ten thousands digit of 148964?
4
What is the hundreds digit of 14741?
7
What is the thousands digit of 1629300?
9
What is the thousands digit of 1527297?
7
What is the tens digit of 866263?
6
What is the hundreds digit of 31846?
8
What is the hundreds digit of 59570?
5
What is the hundred thousands digit of 534889?
5
What is the thousands digit of 5816597?
6
What is the tens digit of 155245?
4
What is the ten thousands digit of 4480113?
8
What is the thousands digit of 11634846?
4
What is the units digit of 486795?
5
What is the ten thousands digit of 149843?
4
What is the tens digit of 2376613?
1
What is the hundred thousands digit of 2903280?
9
What is the hundreds digit of 19129952?
9
What is the ten millions digit of 26417860?
2
What is the ten thousands digit of 2252109?
5
What is the hundreds digit of 2009771?
7
What is the millions digit of 1451167?
1
What is the tens digit of 327674?
7
What is the units digit of 880270?
0
What is the hundred thousands digit of 494969?
4
What is the units digit of 1657671?
1
What is the units digit of 36507?
7
What is the millions digit of 1044950?
1
What is the units digit of 1521800?
0
What is the units digit of 6738919?
9
What is the tens digit of 2248871?
7
What is the millions digit of 1177828?
1
What is the thousands digit of 94576?
4
What is the tens digit of 12191639?
3
What is the thousands digit of 120256?
0
What is the tens digit of 142128?
2
What is the millions digit of 3870193?
3
What is the thousands digit of 7929847?
9
What is the units digit of 1792750?
0
What is the millions digit of 1480229?
1
What is the ten millions digit of 11051623?
1
What is the ten millions digit of 24608432?
2
What is the ten thousands digit of 944431?
4
What is the tens digit of 24124284?
8
What is the millions digit of 1348052?
1
What is the ten thousands digit of 369370?
6
What is the units digit of 246475?
5
What is the thousands digit of 6351995?
1
What is the units digit of 263448?
8
What is the thousands digit of 14243069?
3
What is the hundred thousands digit of 406609?
4
What is the ten thousands digit of 156687?
5
What is the units digit of 7603287?
7
What is the units digit of 278274?
4
What is the hundreds digit of 310159?
1
What is the units digit of 946606?
6
What is the ten thousands digit of 28678?
2
What is the tens digit of 464126?
2
What is the tens digit of 175389?
8
What is the hundred thousands digit of 10471627?
4
What is the tens digit of 1021243?
4
What is the tens digit of 146517?
1
What is the hundreds digit of 729689?
6
What is the ten thousands digit of 173103?
7
What is the units digit of 252636?
6
What is the units digit of 7836?
6
What is the tens digit of 2396542?
4
What is the thousands digit of 89786?
9
What is the tens digit of 40301?
0
What is the ten thousands digit of 110495?
1
What is the hundred thousands digit of 175277?
1
What is the tens digit of 15693?
9
What is the units digit of 2145233?
3
What is the hundred thousands digit of 4705091?
7
What is the thousands digit of 240514?
0
What is the thousands digit of 7021287?
1
What is the units digit of 769220?
0
What is the hundred thousands digit of 1370984?
3
What is the thousands digit of 822293?
2
What is the units digit of 214824?
4
What is the units digit of 104403?
3
What is the tens digit of 3018414?
1
What is the millions digit of 1925963?
1
What is the hundred thousands digit of 624733?
6
What is the hundred thousands digit of 5681559?
6
What is the thousands digit of 165322?
5
What is the ten thousands digit of 137534?
3
What is the ten thousands digit of 206296?
0
What is the hundred thousands digit of 10030147?
0
What is the ten thousands digit of 17578701?
7
What is the units digit of 1281819?
9
What is the tens digit of 903818?
1
What is the ten thousands digit of 447928?
4
What is the hundreds digit of 616408?
4
What is the thousands digit of 1698486?
8
What is the hundreds digit of 135561?
5
What is the ten thousands digit of 2545161?
4
What is the hundred thousands digit of 1729773?
7
What is the tens digit of 939697?
9
What is the ten millions digit of 40406397?
4
What is the tens digit of 163153?
5
What is the ten thousands digit of 823394?
2
What is the millions digit of 1000368?
1
What is the hundred thousands digit of 4524137?
5
What is the hundred thousands digit of 853357?
8
What is the ten thousands digit of 18927306?
2
What is the hundred thousands digit of 170257?
1
What is the hundred thousands digit of 557968?
5
What is the thousands digit of 100706?
0
What is the hundreds digit of 628801?
8
What is the thousands digit of 242963?
2
What is the hundred thousands digit of 2575512?
5
What is the millions digit of 2049986?
2
What is the millions digit of 7860184?
7
What is the hundreds digit of 960332?
3
What is the hundred thousands digit of 1789103?
7
What is the tens digit of 35357745?
4
What is the thousands digit of 961060?
1
What is the hundreds digit of 66735?
7
What is the tens digit of 154972?
7
What is the ten millions digit of 10632943?
1
What is the units digit of 1160748?
8
What is the units digit of 2051409?
9
What is the tens digit of 59253?
5
What is the thousands digit of 174288?
4
What is the thousands digit of 447787?
7
What is the thousands digit of 358403?
8
What is the hundreds digit of 237438?
4
What is the units digit of 336136?
6
What is the hundreds digit of 657943?
9
What is the hundreds digit of 3585280?
2
What is the hundred thousands digit of 2215825?
2
What is the 